 - 271 = -3*a. What is the units digit of a?
3
Suppose -4*o + 3100 = -2*g, 5*o = 4*g + 1528 + 2341. What is the units digit of o?
7
Let o(f) = 6*f**2 + 3. What is the tens digit of o(-7)?
9
Let g(n) = -2*n**2 - 5*n + 2*n + 11*n**3 + n + 4. What is the units digit of g(2)?
0
Let b(v) = 36*v**2 - 2*v + 17. What is the units digit of b(-5)?
7
Let w(t) = -3*t**2 - 4*t + 2 - 4*t**2 + 129*t**3 + 9*t**2. What is the tens digit of w(1)?
2
Let p = 2143 + -41. What is the hundreds digit of p?
1
Let i = -144 + 73. Let y = i - -214. What is the hundreds digit of y?
1
Suppose 2*j - 1380 = -7*k + 2*k, 2*j + 3*k - 1388 = 0. What is the units digit of j?
0
Let c be 6 - (-2 + 3)*1. Let f be 134/c + (-17)/(-85). What is the units digit of f - (0 - (2 - 2))?
7
Suppose -5*l = -2*l. Let x = l - -2. Suppose 5*w - w = 2*t - 42, -x*t = 4*w - 34. What is the units digit of t?
9
Suppose 8814 = 8*f + 2678. What is the units digit of f?
7
Let s = 3587 - 1319. What is the units digit of s?
8
Let f = -1272 - -2030. What is the hundreds digit of f?
7
Suppose 0 = -7*a + 13*a - 3036. What is the hundreds digit of a?
5
Let y be (-1 + 0 - -1) + 2. Suppose 0 = 3*d - 3*c - 60, -c - 4*c - 28 = -2*d. Suppose 0 = -y*s + d + 24. What is the tens digit of s?
2
Let s = 939 + -1725. What is the tens digit of (s/8)/(12/(-32))?
6
Suppose 3*z = -3*i + 1782, 5*i - 11*z = -6*z + 2940. What is the hundreds digit of i?
5
Let s(q) = -q**3 + q**2. Let m(w) = -19*w**3 - 5*w**2 - w. Let f(h) = m(h) + 3*s(h). Suppose -19*c + 15*c - 4 = 0. What is the tens digit of f(c)?
2
Suppose 275 = v + d, 3*v + 0*v + 4*d - 825 = 0. Suppose -2*g + 2*a + 186 = -0*a, 2*a + v = 3*g. What is the units digit of g?
9
Let w(z) = z + 116. Let d be w(0). Suppose t - 124 = 5*q, -4*t = -3*t + 3*q - d. What is the units digit of t?
9
Suppose -5*b - 2*l + 2 = 4, 0 = 2*b + 4*l - 12. Let i(c) = -3*c - 3. Let z be i(b). What is the units digit of 40/6 + (-2)/z?
6
Let d(q) = -35*q - 1. Let l(p) = 35*p + 1. Let r(u) = -6*d(u) - 5*l(u). What is the tens digit of r(2)?
7
Let j(m) = m**3 + 22*m**2 + 16*m + 17. Let q be j(-21). What is the units digit of (q/(-4))/((-5)/10)?
1
What is the hundreds digit of 753 - (-1 - 3 - -2)?
7
Suppose 26*s = 14*s + 22608. What is the thousands digit of s?
1
Let n(z) = 26*z**3 + 2*z**2 + 5*z - 3. Let d be n(2). Let a = d + -117. What is the units digit of a?
6
Let r = 84 - 51. Let n be 171/r - (-2)/(-11). Suppose -n = -k + 7. What is the tens digit of k?
1
Let b = -278 + 555. What is the hundreds digit of b?
2
Let o(j) = j**2 - j - 1. Let s be o(-2). Let v(g) = 5*g + 1. What is the units digit of v(s)?
6
Suppose -6*j + 475 = -3635. Suppose 33*c - 28*c - j = 0. What is the tens digit of c?
3
Let v(x) = x**3 - 6*x**2 + 2*x + 8. Let r be v(4). Let g = r - -59. What is the units digit of g?
3
Suppose -566 - 218 = -4*p. What is the tens digit of p?
9
Let h(l) = 149*l**2 - 6*l + 8. Let b(d) = 298*d**2 - 11*d + 15. Let x(a) = 6*b(a) - 11*h(a). What is the tens digit of x(1)?
5
Suppose -35*r + 13299 + 63596 = 0. What is the hundreds digit of r?
1
Let x be (-107)/2 + (-9)/18. Let g = x + 78. What is the units digit of g?
4
Suppose -v = 3*z + z - 87, -v + 5*z = -114. What is the units digit of v?
9
Let i = 1867 - 1262. What is the units digit of i?
5
Let c(o) = 15*o**2 - 4*o - 3. Let v be c(-2). Suppose -6*k = -k - v. What is the units digit of (4 + -2 - 2) + k?
3
Let f(i) = 25*i**2 + 2*i - 1. Suppose -b - 12 = 2. Let r = b + 15. What is the tens digit of f(r)?
2
Suppose 3*d + 2 = 14. Suppose d*p - 540 = -2*j - 24, 0 = j. What is the units digit of p?
9
What is the tens digit of ((-1089)/(-22))/(1 + (-5)/8)?
3
Let c(u) = -60*u - 7. Suppose 38 - 26 = -3*l. What is the hundreds digit of c(l)?
2
Suppose -8*y + 496 = -4*y. Suppose 68 = 4*a - y. Suppose 4*g = 5*l + a, 5*l - 1 = g + 2. What is the tens digit of g?
1
Let r = -127 + 285. What is the units digit of r?
8
Suppose -4*v + 5*c + 18 = -9, -4*v = -3*c - 21. Let t be 4 - -1 - (-16 - -18). Suppose 0 = -2*j + v*p + 48 + t, p + 59 = 3*j. What is the units digit of j?
8
Let l = -250 - -1010. What is the tens digit of l/(-2)*5/(-20)?
9
Suppose 6*n + 54 = 3*n. Let q = n + 23. Suppose -20 = 4*i, -5*i = -q*x - 2*i + 60. What is the units digit of x?
9
Suppose -2*k - 1217 = -a, 5*k - 2 = -27. What is the hundreds digit of a?
2
Let q(m) = 5*m - 14. Let z(u) = 15*u - 42. Let f(k) = 4*k - 4. Let s be f(0). Let y(x) = s*z(x) + 11*q(x). What is the units digit of y(-7)?
9
Let j(r) be the second derivative of -r**4/12 - 7*r**3/6 + r**2 + r. Let i be -7 - (-470)/70 - 47/7. What is the units digit of j(i)?
2
Let h be 4 - 2*(-322)/4. Suppose 4*l - h = l. What is the tens digit of l?
5
Suppose -k - 60 = 2*t, -2*k = 3*k - 4*t + 230. Let g = k + 85. What is the units digit of g?
5
Let z be 7/(-3)*(1 + -4). Let t be z/(-21)*3*47. Let o = -6 - t. What is the tens digit of o?
4
Suppose 264 = -8*d - 4*d. Let y = d + 28. What is the units digit of y?
6
Let w = 176 - 273. Let i = w - -319. Suppose 3*j + 6 - i = 0. What is the tens digit of j?
7
Suppose -2*d + 19 = -3*m, -21 = -4*d + 3*m + 14. What is the units digit of d?
8
Let z = 15 + -11. Suppose -z*x = -4*m - 20, -21 = -5*x - m + 5*m. Suppose 2*v - 69 + x = 0. What is the tens digit of v?
3
Let n(u) be the second derivative of 2*u**3/3 - 31*u**2/2 - u. What is the units digit of n(14)?
5
Suppose 10 = 5*h, -40*h + 5443 = 5*o - 41*h. What is the hundreds digit of o?
0
Let g(m) = -m**2 + 1022. What is the tens digit of g(0)?
2
Suppose 14*f = 196 + 574. What is the units digit of f?
5
What is the units digit of -4 - (2223/(-12))/(6/24)?
7
Suppose -5*r - p + 16 + 2 = 0, -4*r + 4*p = -24. Suppose r*b - b - 153 = 0. What is the tens digit of b?
5
Suppose 5*o = 3*d + 1394, -5*d + 98 = 4*o - 995. What is the units digit of o?
7
Suppose 1107 = f + 2*f. What is the tens digit of f?
6
Suppose -2*d + 5*w + 28 = -29, 2*d - 4*w = 58. Let l = -23 - -8. Let m = l + d. What is the units digit of m?
6
Suppose -4*i + 4 = -3*i + k, 3*i + k - 10 = 0. Suppose i*a - b + 0 = 79, -b = 3*a - 83. What is the tens digit of a?
2
Suppose -n - 48 - 124 = -t, -4*n - 518 = -3*t. What is the tens digit of t?
7
Let m be -4*12/(-32)*6. Let u be 48/10*(4 + 1). Let z = u + m. What is the tens digit of z?
3
Let s(c) = 4*c**3 - c - 2. Let u = 11 + -9. Suppose -u*x + 7 = 3. What is the tens digit of s(x)?
2
Let a(b) = -2*b + 4. Let c be a(0). Suppose -c = -2*g + 2. Suppose -j = -g*i - 14 - 7, i + 52 = 2*j. What is the tens digit of j?
2
What is the tens digit of 40670/35 + 5*2?
7
Suppose 3*b + 3*f - 9636 = 0, 0 = 2*b - f + 1880 - 8316. What is the units digit of b?
6
Let c(s) = 5*s - 1. Let h(l) = -8*l + 2. Let v(n) = 7*c(n) + 5*h(n). Let a be -1*2*(2 + -1). What is the units digit of v(a)?
3
What is the hundreds digit of 1/(-9 - 149680/(-16630))?
6
Let w(y) = y**2 - 3*y - 2. Let s be w(-1). Let v be s/6 + 6/(-18). Suppose -7*f + b + 30 = -4*f, 4*f + 3*b - 53 = v. What is the units digit of f?
1
Suppose -3*g + n - 5 = -5*g, g + 1 = -4*n. Suppose 0*d - g*z = 3*d - 138, -3*z = -4*d + 163. What is the units digit of d?
3
Let a(o) = -11*o**3 + 2*o**2 - o. Let j be a(-2). Let m = 53 - j. Let d = -2 - m. What is the tens digit of d?
4
Suppose -2*u + 8*f + 2020 = 4*f, u + f = 1004. What is the thousands digit of u?
1
Suppose -4*k + x + 1093 = 0, 5*k + x - 1364 = -0*x. What is the units digit of k?
3
Suppose 0 = 2*i - 4*q + 12, -3*q = -2*q. Let b(z) = -z - 7. Let v be b(i). What is the tens digit of -65*1*(v + 0)?
6
Let y(f) be the second derivative of f**4/12 - f**3 + 4*f**2 - 7*f. What is the units digit of y(6)?
8
What is the hundreds digit of (-5)/20 + 1994/8?
2
Suppose -4*q = -3*l - 3364, 0 = -2*q - 35*l + 37*l + 1684. What is the hundreds digit of q?
8
Let c(l) = -3*l**2 - 12*l + 15. Let m(s) = -4*s**2 - 12*s + 16. Let h(k) = 3*c(k) - 2*m(k). Let w be h(-12). Let x = -2 + w. What is the units digit of x?
1
Suppose 6692 = 4*b - 4*q, 5*b + 5*q - 6676 = 1679. What is the thousands digit of b?
1
Suppose -3*n = 2*n. Suppose 0*m + 3*m - 45 = n. Let z = m + -14. What is the units digit of z?
1
Suppose 3*i = -3*a - 312, -a + 4*i - 102 = 3*i. Let p = 184 + a. Suppose 4*z - z - p = 0. What is the units digit of z?
7
Let o = -117 - -165. Let d = 59 + o. Suppose -12 = 5*t - d. What 